 - -137). Let u = 107 - p. Let o = 710 - u. Is o a prime number?
False
Suppose 5*r + 24 = 2*r. Let v be ((-2)/12*(-74 + 78))/(3/54). Is v/48 + (-3882)/r composite?
True
Let v(k) = k**3 + 15*k**2 - 15*k - 21. Is v(22) a composite number?
True
Let b(i) = 6540*i - 36. Let m be b(2). Let f = -6881 + m. Is f a prime number?
True
Suppose 13 = 5*d + 3. Let p(j) = 179*j**2 + 2*j - 2. Let l be p(d). Let t = l + -41. Is t prime?
True
Let n = 311901 - 210482. Is n composite?
False
Suppose 27 = -19*r + 10*r. Is ((-12)/r - -2972) + 7 prime?
False
Let o(y) = y**3 + 7*y**2 + 6*y + 3. Let k be o(-6). Let u be k/(-6) - (-2)/4. Suppose u = -5*z - 4*q + 3155, 0 = -2*q + q. Is z prime?
True
Let k be (-5)/(-35) + (-30)/14. Let p be (33/9 - (-5)/15) + k. Suppose -5*j = -5*c - 1340, -4*c - 661 = -p*j - 123. Is j prime?
False
Let z(s) = -591*s - 196*s + 261*s - 10 - 271*s. Is z(-1) a composite number?
False
Suppose 27*u = 25*u + 15*u - 1474811. Is u composite?
True
Suppose -5*r = -2*w + 14, r - 5*r = -5*w + 1. Let p be r*((-292)/16 + (1 - 1)). Suppose 0 = 3*g - p - 158. Is g composite?
True
Is -31 + 4107272/78 + (-2)/(-3) a prime number?
True
Suppose 3*o = -8*s + 143749, -4*o + s + 193993 - 2246 = 0. Is o a prime number?
False
Let p(w) = -6*w**3 - 9*w**2 - w + 34. Let j be p(-14). Suppose 51475 = 5*f + 4*o + 14549, 2*f = 4*o + j. Is f a composite number?
True
Let j be (-44)/(-11) - (2 - 850). Suppose -35*q - j = -37*q. Let h = q - -275. Is h a prime number?
True
Suppose -50*b = -47*b - 6. Suppose 4*s + 8559 = b*y + 48145, 2*y - 39606 = -4*s. Is s a composite number?
True
Suppose -10*g = -386 + 146. Let p = g + 193. Is p composite?
True
Let n(x) = -3*x**2 - 25*x - 11. Let d be n(-14). Let h = d + 340. Is h prime?
False
Suppose 0 = -d - 3*j + 5, -3*d - 3 = 2*j + 3. Is 12028 - (d/10 + 6/(-10)) prime?
False
Let a = -107654 + 319380. Is a composite?
True
Let n = -39 + 84. Suppose -n = -5*v - 0*v. Let u(q) = -q**3 + 13*q**2 - 19*q - 10. Is u(v) prime?
False
Let t(w) = -w**2 - 8*w + 29. Let g be t(-12). Let p = g + 22. Suppose p*l - 462 = 3*z, -2*z + 700 - 60 = 4*l. Is l prime?
False
Is ((0 + -2)/1)/(20 - 219101152/10955056) prime?
False
Suppose 4*c + 14*n + 3 = 13*n, 2*c + n = -1. Let l(o) = -1067*o + 42. Is l(c) prime?
True
Is 12/30 + (664377/70 - (-3)/(-6)) a prime number?
True
Suppose -2467 - 1415 = -2*b. Let y(w) = 118*w**2 + 215*w + 13. Let z be y(-3). Suppose k = b + z. Is k prime?
True
Suppose -5*a = -20, -5*a = 2*r - 0*r - 220. Let p = r - 98. Suppose 0 = -l + 4*v + 590 - 89, p*l = 4*v + 1022. Is l prime?
True
Suppose 47*i = 55*i - 40. Is (-4)/(-10) - (-21413)/i composite?
False
Is (-2)/6*1*-28011 a prime number?
True
Let k(z) = -z**2 + 7*z + 75. Let o be k(16). Let n = o + 356. Is n a prime number?
False
Let r(u) = 29*u**2 + 1569*u + 54. Is r(23) prime?
False
Let z be (8/6)/((-67)/66 + 1). Let p be (-1)/(7/22 - 16/z). Let y(i) = -156*i**3 + 7*i**2 + 11*i + 1. Is y(p) a prime number?
False
Let t be 6*3/6 - 1. Let k be (0/t + 535)/(-1). Let p = 914 + k. Is p composite?
False
Suppose -69480 = -9*a - 19971. Is a composite?
False
Let t = -1482 - -472. Suppose -2*r + 10 = 0, -3*x - 2*r + 14565 = 2*x. Let b = t + x. Is b a composite number?
False
Let n(m) = 162*m + 1769. Is n(26) a composite number?
False
Let l = 346511 + -15858. Is l a composite number?
False
Suppose -8383 = -8*s - 1263. Suppose -3*k - 1004 = -k + 4*p, 0 = 5*k + 2*p + 2534. Let c = k + s. Is c a prime number?
False
Let m(w) = 19*w**3 - 44*w**2 - 67*w + 1903. Is m(27) a prime number?
False
Let b = -9378 + 14887. Is b a prime number?
False
Suppose 367*z - 366*z = -5*r + 2634961, -16 = 4*z. Is r prime?
True
Suppose 4*q = 7*q - 951. Suppose -20*y - q = -21*y. Is y a prime number?
True
Suppose 85390 + 347418 + 44918 = 6*t. Is t prime?
True
Suppose 4*z + 24 = 104. Let y = -17 + z. Is (0 - (-5 - 2)*74) + y a composite number?
False
Let i(u) = -22*u**3 + 9*u**2 - 125*u + 269. Is i(-14) prime?
True
Suppose -5*c + 40 = -0*c. Suppose -c*r = -r - 21. Is (-11)/(r + (3 - 43/7)) composite?
True
Suppose -8*q + 10*q = -8*q + 95330. Is q composite?
False
Suppose -3*l - 78133 = 2*x - 1044544, -2*x + 322133 = l. Is l a prime number?
True
Suppose -4*y + 282077 = d + 45449, -5*y + d = -295794. Suppose 2*p - 73951 = -5*k, 20*k + 3*p - y = 16*k. Is k composite?
True
Let w be -2*(-3)/(2 + (-224)/108). Let r = -77 - w. Suppose 485 = 5*h - r*h - 2*d, 5*h = -4*d + 2383. Is h a composite number?
False
Suppose 0 = -3*x + 5*u - 8294, 0 = -3*x + 6*u - 2*u - 8299. Let y = 7308 + x. Is y a prime number?
False
Let y = -17 + 19. Let u = 12301 - 8402. Suppose y*v + 5*v = u. Is v a composite number?
False
Let s(t) = -2422*t - 261. Is s(-41) a composite number?
False
Let u(a) = -2*a + 22. Let w be u(10). Let d be ((-16 - w) + (2 - -2))/(-2). Suppose -5*h - d*f = -12*f - 1390, 4*f = 0. Is h a prime number?
False
Suppose -2*j + 256 + 180 = 0. Suppose -j*y - 317 = -219*y. Is y a prime number?
True
Let v(x) = 121*x**2 + 10*x + 5. Suppose -28*u - 76 = -9*u. Is v(u) a prime number?
True
Suppose -98*r + 727 = 923. Let b(s) = 77*s**3 - 4*s**2 + 3. Let t(x) = 231*x**3 - 12*x**2 - x + 9. Let j(f) = -7*b(f) + 2*t(f). Is j(r) a prime number?
False
Let u be (-2)/(-6)*(-37)/(37/(-12)). Suppose -4*a = -u*f + 22488, 0*a - 16870 = -3*f - a. Is f composite?
False
Let c(n) = 8*n**2 - 36*n - 307. Suppose 10*t = 31*t + 378. Is c(t) composite?
True
Let m be (-2879)/2*(-7 + -4 + 5). Suppose 0 = -2*j + 3*q - m, 3638 = -2*j - 3*q - 5029. Is 14/(-70) + j/(-5) composite?
True
Let f be -1 - 5/(-2 - 3). Let p be ((-4)/(-1) - f) + 30. Is (p/(-8))/(10/(-120)) a composite number?
True
Let p(v) = 3*v - 23. Let i be p(9). Let d be (-18)/72 + 1/i. Suppose -5*g + 1346 + 509 = d. Is g a composite number?
True
Let o = -6073 - -8819. Let c = 7919 - o. Is c prime?
False
Suppose 0 = 27*s - 29*s - 31308. Is s/(-9)*(1 + 4/8) prime?
True
Let p(h) be the second derivative of 59*h**3/6 - 18*h**2 + 2*h + 5. Let d(t) = t. Let r be d(7). Is p(r) a composite number?
True
Let q(n) = n**2 + n. Let v be q(-3). Let l be (-3773)/(-3) + (-4)/v. Let b = 4014 - l. Is b composite?
True
Suppose -40 = -8*f + 4*f. Suppose v - 4*v - 5*c + f = 0, 4*v + 3*c - 17 = 0. Suppose -3*y + i = -4*i - 9013, -4*y + v*i = -12024. Is y a prime number?
True
Let r(f) = -4*f + 35. Let w(k) = 4*k - 7. Let m(q) = -q**2 + q - 1. Let x be m(0). Let a be w(x). Is r(a) composite?
False
Let p(z) = -482*z + 210. Let l be p(15). Let b = l + 11387. Is b composite?
True
Is (-660403)/(12*(-6)/(-144) + (-3)/2) prime?
True
Let r(o) = 3911*o**2 - 2*o - 9. Let j be r(-2). Suppose -3*z + j = -1602. Is z a prime number?
False
Let r = 15108 - -11035. Is r composite?
True
Let f(p) = p**2 + p. Let n(h) = 964*h**3 + 4*h**2 - 3*h - 5. Let z(v) = 4*f(v) - n(v). Is z(-2) composite?
False
Let q(l) = l**3 + 4*l**2 - 19*l + 14. Let a be q(-7). Suppose a = -35*m - 15*m + 222150. Is m prime?
False
Let d(i) = 45 - 59*i - 14 - i. Let p be d(-9). Suppose -q = -3456 + p. Is q a prime number?
False
Suppose 3*p = -a + 2003399, -3*a - 62*p = -58*p - 6010237. Is a a composite number?
True
Let g = 197752 + -110573. Is g a composite number?
False
Let m(n) = 12*n**2 - n + 2. Let r be 4/20 - 1/5 - -1. Let j be m(r). Is (-4)/78*-3 - (-7356)/j prime?
False
Let u(f) = -2938*f + 23. Let t be u(-6). Suppose 3*a = -4*i + 24433, -4*i + 2*a = -6787 - t. Is i prime?
False
Is (-48349)/(-13) - (-2)/221*-17 a composite number?
False
Suppose 18*b - 10316686 + 1875532 = 0. Is b a composite number?
False
Let t(f) = -2*f**3 - 2*f**2 - f - 27. Let h be t(-21). Is (20/12 + -3)/((-8)/h) a prime number?
True
Suppose 0 = -m - 3*o, -6*o = -5*m - 3*o + 72. Is -6 - (-18)/m*698 a composite number?
True
Let d(c) = 860*c - 6597. Is d(163) prime?
True
Suppose 5*q + d = 10, -10*d = -3*q - 11*d + 6. Suppose -3*m - 4*t + 8349 = -2*m, -q*m + 16658 = -2*t. Is m a prime number?
False
Let x(g) = -91*g**3 - 2*g**2 + 6*g + 8. Let d be x(-3). Suppose d = -40*s + 47*s. Is s prime?
True
Suppose 0 = -4*x - g - 3*g + 98264, 5*g = 25. Suppose -x = -7*b + 14002. Is b prime?
False
Is (0 - -93031) + (-63)/35*140/(-42) a composite number?
True
Let j(o) = -25*o**3 + 6*o**2 + 102*o + 1043. Is j(-24) a composite number?
False
Let o be 2035/111 - 1/3. Suppose 3*m + 3 = o, 0 = 4*d + m - 87073. Is d prime?
T